03?
2
What is the hundred thousands digit of 1349007?
3
What is the tens digit of 3357919?
1
What is the ten thousands digit of 763370?
6
What is the ten thousands digit of 305673?
0
What is the units digit of 133200?
0
What is the tens digit of 459962?
6
What is the ten thousands digit of 4864311?
6
What is the units digit of 375220?
0
What is the ten thousands digit of 16233?
1
What is the hundreds digit of 8407744?
7
What is the thousands digit of 21355628?
5
What is the ten thousands digit of 15020962?
2
What is the hundreds digit of 193402?
4
What is the hundred thousands digit of 34600251?
6
What is the units digit of 831530?
0
What is the millions digit of 1475433?
1
What is the thousands digit of 8116347?
6
What is the ten thousands digit of 9690704?
9
What is the units digit of 4650853?
3
What is the hundred thousands digit of 16642206?
6
What is the millions digit of 1466799?
1
What is the millions digit of 6808721?
6
What is the tens digit of 896032?
3
What is the thousands digit of 1212553?
2
What is the tens digit of 604403?
0
What is the ten thousands digit of 376130?
7
What is the thousands digit of 10892126?
2
What is the hundreds digit of 105585?
5
What is the millions digit of 3771885?
3
What is the hundreds digit of 3518087?
0
What is the hundred thousands digit of 859292?
8
What is the hundred thousands digit of 843017?
8
What is the units digit of 2240009?
9
What is the hundred thousands digit of 21043259?
0
What is the ten thousands digit of 9380790?
8
What is the tens digit of 3955533?
3
What is the hundred thousands digit of 1842357?
8
What is the ten thousands digit of 358738?
5
What is the thousands digit of 899401?
9
What is the units digit of 3639247?
7
What is the hundred thousands digit of 3679527?
6
What is the hundred thousands digit of 633948?
6
What is the tens digit of 215444?
4
What is the thousands digit of 1035489?
5
What is the ten thousands digit of 4498799?
9
What is the units digit of 248771?
1
What is the hundreds digit of 553328?
3
What is the ten thousands digit of 268994?
6
What is the hundreds digit of 2397883?
8
What is the ten thousands digit of 364486?
6
What is the hundreds digit of 626220?
2
What is the hundred thousands digit of 6684268?
6
What is the hundreds digit of 21243153?
1
What is the thousands digit of 258814?
8
What is the ten thousands digit of 97915?
9
What is the hundred thousands digit of 337116?
3
What is the units digit of 1273744?
4
What is the hundreds digit of 11217928?
9
What is the units digit of 103577?
7
What is the hundreds digit of 560721?
7
What is the millions digit of 1567705?
1
What is the ten thousands digit of 1943398?
4
What is the hundred thousands digit of 3051455?
0
What is the hundred thousands digit of 2816210?
8
What is the thousands digit of 150749?
0
What is the thousands digit of 7486862?
6
What is the tens digit of 1110296?
9
What is the hundreds digit of 1686394?
3
What is the thousands digit of 195990?
5
What is the hundred thousands digit of 962466?
9
What is the hundred thousands digit of 545080?
5
What is the units digit of 11271442?
2
What is the tens digit of 6068527?
2
What is the hundred thousands digit of 11695455?
6
What is the tens digit of 182161?
6
What is the ten thousands digit of 683920?
8
What is the ten thousands digit of 13245998?
4
What is the units digit of 2951777?
7
What is the hundreds digit of 753461?
4
What is the tens digit of 595847?
4
What is the tens digit of 302171?
7
What is the ten thousands digit of 72733?
7
What is the hundreds digit of 7702477?
4
What is the hundred thousands digit of 245572?
2
What is the hundreds digit of 198393?
3
What is the ten thousands digit of 3312417?
1
What is the hundreds digit of 322894?
8
What is the tens digit of 437740?
4
What is the units digit of 7164459?
9
What is the ten thousands digit of 828041?
2
What is the hundred thousands digit of 4406769?
4
What is the units digit of 11908881?
1
What is the thousands digit of 10982647?
2
What is the tens digit of 15370924?
2
What is the units digit of 1967111?
1
What is the ten thousands digit of 531720?
3
What is the tens digit of 197902?
0
What is the hundreds digit of 97434?
4
What is the hundred thousands digit of 19335983?
3
What is the thousands digit of 57301?
7
What is the ten thousands digit of 812934?
1
What is the hundred thousands digit of 534808?
5
What is the ten thousands digit of 302034?
0
What is the thousands digit of 2386134?
6
What is the millions digit of 3086565?
3
What is the hundreds digit of 1271001?
0
What is the hundreds digit of 218421?
4
What is the tens digit of 362335?
3
What is the hundreds digit of 5762909?
9
What is the ten millions digit of 11519763?
1
What is the tens digit of 1450228?
2
What is the units digit of 6622452?
2
What is the thousands digit of 485979?
5
What is the units digit of 376375?
5
What is the hundreds digit of 1163897?
8
What is the hundred thousands digit of 183455?
1
What is the units digit of 1839374?
4
What is the tens digit of 54536?
3
What is the thousands digit of 4085840?
5
What is the ten thousands digit of 15127?
1
What is the hundred thousands digit of 200407?
2
What is the units digit of 2981367?
7
What is the tens digit of 100791?
9
What is the tens digit of 955001?
0
What is the tens digit of 9404726?
2
What is the ten thousands digit of 4888872?
8
What is the units digit of 1624065?
5
What is the units digit of 4524667?
7
What is the ten thousands digit of 354761?
5
What is the hundred thousands digit of 13891247?
8
What is the ten thousands digit of 766621?
6
What is the hundreds digit of 528074?
0
What is the hundreds digit of 3373772?
7
What is the hundreds digit of 199669?
6
What is the tens digit of 5639902?
0
What is the tens digit of 380364?
6
What is the thousands digit of 645149?
5
What is the tens digit of 1751723?
2
What is the hundred thousands digit of 3757463?
7
What is the ten thousands digit of 6441384?
4
What is the tens digit of 15011387?
8
What is the hundreds digit of 31180802?
8
What is the hundred thousands digit of 264196?
2
What is the units digit of 1249926?
6
What is the tens digit of 17416?
1
What is the tens digit of 715255?
5
What is the tens digit of 38124324?
2
What is the thousands digit of 102402?
2
What is the hundred thousands digit of 1300214?
3
What is the ten thousands digit of 128555?
2
What is the ten thousands digit of 8698647?
9
What is the hundreds digit of 193913?
9
What is the units digit of 483933?
3
What is the hundred thousands digit of 1320491?
3
What is the tens digit of 17995?
9
What is the ten thousands digit of 3002874?
0
What is the ten thousands digit of 60955?
6
What is the millions digit of 4705666?
4
What is the ten thousands digit of 104411?
0
What is the hundred thousands digit of 1135184?
1
What is the ten millions digit of 14089583?
1
What is the millions digit of 1141776?
1
What is the hundred thousands digit of 124084?
1
What is the hundreds digit of 1168650?
6
What is the tens digit of 255147?
4
What is the hundred thousands digit of 163575?
1
What is the tens digit of 402113?
1
What is the hundred thousands digit of 442658?
4
What is the hundreds digit of 8362190?
1
What is the tens digit of 6154807?
0
What is the hundreds digit of 23461392?
3
What is the hundred thousands digit of 763002?
7
What is the thousands digit of 369666?
9
What is the tens digit of 959293?
9
What is the hundreds digit of 9426?
4
What is the hundreds digit of 268505?
5
What is the hundreds digit of 1720502?
5
What is the hundred thousands digit of 572356?
5
What is the units digit of 3310733?
3
What is the thousands digit of 1735088?
5
What is the millions digit of 7337470?
7
What is the units digit of 158137?
7
What is the units digit of 2045119?
9
What is the tens digit of 4828194?
9
What is the tens digit of 4220281?
8
What is the ten thousands digit of 230560?
3
What is the ten thousands digit of 17879804?
7
What is the tens digit of 3870962?
6
What is the hundred thousands digit of 252479?
2
What is the millions digit of 1183426?
1
What is the tens digit of 23205?
0
What is the ten millions digit of 11650791?
1
What is the thousands digit of 692574?
2
What is the hundreds digit of 9932476?
4
What is the thousands digi